{"id":897,"date":"2023-01-15T14:24:01","date_gmt":"2023-01-15T14:24:01","guid":{"rendered":"https:\/\/xn--zumhehnerglck-zobh.bosser.ch\/?page_id=897"},"modified":"2023-01-15T14:24:01","modified_gmt":"2023-01-15T14:24:01","slug":"fuer-ruhesuchende","status":"publish","type":"page","link":"https:\/\/xn--zumhehnerglck-zobh.bosser.ch\/?page_id=897","title":{"rendered":"F\u00fcr Ruhesuchende"},"content":{"rendered":"\n<p>im liebevoll gepflegten Natur-Garten, zwischen den H\u00fchnern sitzen, in die Hennenwelt abtauchen, zu sich kommen, Frieden &amp; Freude sp\u00fcren, EINFACH SEIN<\/p>\n\n\n\n<p>Begleitung m\u00f6glich<\/p>\n\n\n\n<figure class=\"wp-block-image size-large is-resized\"><img loading=\"lazy\" decoding=\"async\" src=\"https:\/\/xn--zumhehnerglck-zobh.bosser.ch\/wp-content\/uploads\/2022\/05\/20220530_180337-768x1024.jpg\" alt=\"\" class=\"wp-image-589\" width=\"683\" height=\"910\" srcset=\"https:\/\/xn--zumhehnerglck-zobh.bosser.ch\/wp-content\/uploads\/2022\/05\/20220530_180337-768x1024.jpg 768w, https:\/\/xn--zumhehnerglck-zobh.bosser.ch\/wp-content\/uploads\/2022\/05\/20220530_180337-225x300.jpg 225w, https:\/\/xn--zumhehnerglck-zobh.bosser.ch\/wp-content\/uploads\/2022\/05\/20220530_180337-1152x1536.jpg 1152w, https:\/\/xn--zumhehnerglck-zobh.bosser.ch\/wp-content\/uploads\/2022\/05\/20220530_180337-1536x2048.jpg 1536w, https:\/\/xn--zumhehnerglck-zobh.bosser.ch\/wp-content\/uploads\/2022\/05\/20220530_180337-scaled.jpg 1920w\" sizes=\"(max-width: 683px) 100vw, 683px\" \/><\/figure>\n","protected":false},"excerpt":{"rendered":"<p>im liebevoll gepflegten Natur-Garten, zwischen den H\u00fchnern sitzen, in die Hennenwelt abtauchen, zu sich kommen, Frieden &amp; Freude sp\u00fcren, EINFACH SEIN Begleitung m\u00f6glich<\/p>\n","protected":false},"author":2,"featured_media":0,"parent":538,"menu_order":0,"comment_status":"closed","ping_status":"closed","template":"","meta":{"footnotes":""},"_links":{"self":[{"href":"https:\/\/xn--zumhehnerglck-zobh.bosser.ch\/index.php?rest_route=\/wp\/v2\/pages\/897"}],"collection":[{"href":"https:\/\/xn--zumhehnerglck-zobh.bosser.ch\/index.php?rest_route=\/wp\/v2\/pages"}],"about":[{"href":"https:\/\/xn--zumhehnerglck-zobh.bosser.ch\/index.php?rest_route=\/wp\/v2\/types\/page"}],"author":[{"embeddable":true,"href":"https:\/\/xn--zumhehnerglck-zobh.bosser.ch\/index.php?rest_route=\/wp\/v2\/users\/2"}],"replies":[{"embeddable":true,"href":"https:\/\/xn--zumhehnerglck-zobh.bosser.ch\/index.php?rest_route=%2Fwp%2Fv2%2Fcomments&post=897"}],"version-history":[{"count":1,"href":"https:\/\/xn--zumhehnerglck-zobh.bosser.ch\/index.php?rest_route=\/wp\/v2\/pages\/897\/revisions"}],"predecessor-version":[{"id":898,"href":"https:\/\/xn--zumhehnerglck-zobh.bosser.ch\/index.php?rest_route=\/wp\/v2\/pages\/897\/revisions\/898"}],"up":[{"embeddable":true,"href":"https:\/\/xn--zumhehnerglck-zobh.bosser.ch\/index.php?rest_route=\/wp\/v2\/pages\/538"}],"wp:attachment":[{"href":"https:\/\/xn--zumhehnerglck-zobh.bosser.ch\/index.php?rest_route=%2Fwp%2Fv2%2Fmedia&parent=897"}],"curies":[{"name":"wp","href":"https:\/\/api.w.org\/{rel}","templated":true}]}}